irst derivative of j**4/12 - j**3/2 + j**2 - 5*j + 4. Let l(y) be the first derivative of v(y). Calculate l(4).
6
Let q(f) be the second derivative of -f**4/3 + f**3/3 - f**2/2 - 10*f. What is q(2)?
-13
Let d(m) = -14*m**3 - m**2 + 1. Let o be d(-1). Let u = -10 + o. Suppose 4*k + u = 3*k. Let w(f) = f**3 + 4*f**2 - 5. Calculate w(k).
-5
Let v(b) be the second derivative of -b**6/120 - b**5/10 - 5*b**4/24 - 2*b**3/3 - 4*b**2 + b. Let k(u) be the first derivative of v(u). Give k(-5).
-4
Let i(v) be the third derivative of v**4/12 - 2*v**3/3 + 3*v**2. Suppose -6 = 2*b - 5*b, 4*u - 16 = 2*b. Calculate i(u).
6
Let q(m) = -6 + m**2 + 36*m - 15*m - 28*m. Calculate q(6).
-12
Let q(i) = i**2 - 5*i - 2. Suppose -5*b + 32 = -4*l + 3*l, 0 = 3*b - 2*l - 22. What is q(b)?
4
Let b(g) = -2*g - 5. Let r be 0 + (1 - (0 - -1)). Suppose 2*s - 2 = -r. Suppose -2*t = -s + 11. Determine b(t).
5
Let z(q) be the third derivative of q**4/24 + q**3/3 - q**2 + 45*q. Determine z(0).
2
Let h be (-5)/(0 + (-2 - -1)). Suppose h*u - 8 = 4*x, -5*u + 7 + 4 = -3*x. Let i(t) = -t + 1. Calculate i(x).
-2
Suppose -4*n - 2*t - 4 = 0, 8 = -6*n + 4*n - 4*t. Let k(d) = -d**2 + d + 3. Give k(n).
3
Let x be 234/54 - 1/3. Let k(c) = 4 - c + 2*c + 2*c - x*c. Calculate k(-4).
8
Let j(f) = -f**3 - 5*f**2 + 4*f. Let a be j(-6). Let q(b) = -2*b**2 - 3*b - 2. Let s be q(-2). Let h be a/s + (-6)/(-2). Let k(w) = w**2 - 3. Calculate k(h).
-3
Let o be (-14)/(-5) + (-1)/(-5). Let k(s) = -2*s + 372 + 3*s - 2*s - 373. What is k(o)?
-4
Let j(h) = h + 0 - 1 - 3 + 5*h**2 + h**3. Let k be (5 - 2)/((-6)/(-4)). Let o = -2 - k. Give j(o).
8
Let i(c) = c**2 - 2*c - 5. Let x be 5*((-9)/(-15) - 0). Let w(o) = o + 1. Let r(t) = x*w(t) + i(t). Calculate r(2).
4
Let w(x) be the second derivative of -x**5/20 + 2*x**4/3 - x**2/2 - x. Calculate w(8).
-1
Let v = 115 - 112. Let i(q) = q - 1. Let y(t) = 4*t + 1. Let g(z) = 5*i(z) - y(z). Give g(v).
-3
Let x = -1 + -2. Let j = x + -5. Let c(r) = -r**2 - 8*r + 1. Let i be c(j). Let s(o) = -8*o**3 + o. What is s(i)?
-7
Let t(g) = -1 - 1531*g + 1529*g + 2 + 2. Calculate t(6).
-9
Let v be (-1)/2*(1 - 1). Let r(y) be the third derivative of y**4/24 + y**3/6 - 26*y**2. What is r(v)?
1
Suppose m + 3*y = -0*m + 18, 3*m = -3*y + 30. Let s(w) = -2*w**2 + 8*w + 4. Determine s(m).
-20
Suppose -3*d - 1 = -7. Let q(i) = d*i + i + 1 - 4*i. What is q(-3)?
4
Let n(b) = 4*b**3 - 22*b**2 - 3 + 21*b**2 + 4. Give n(-1).
-4
Let j(b) = 2*b - 3. Let z(f) = f**2 - 8*f. Let p be z(8). Suppose -d + 4 = -p*d. Calculate j(d).
5
Let n(v) = -v**3 - v**2 + v. Let y(m) = 2*m**3 + 2*m**2 - 2*m - 1. Let p(s) = -11*n(s) - 6*y(s). What is p(0)?
6
Suppose 0 = -6*z + z + 5. Let b(v) = -v**3 + v**2 - v + 1. Let t(p) = 9*p**3 - 3*p**2 + 4*p - 3. Let s(x) = -2*b(x) - t(x). What is s(z)?
-7
Let t(b) = b**2 + 3*b + 1. Suppose 0 = 4*u + 40 - 32. Calculate t(u).
-1
Let v(c) = 11*c - 12. Let k(y) = -5*y + 6. Let l(s) = -13*k(s) - 6*v(s). Calculate l(0).
-6
Let m(p) be the second derivative of p**4/24 + 3*p**3/2 + p**2/2 - 4*p. Let j(v) be the first derivative of m(v). Determine j(-6).
3
Let n(z) = z**3 - 3*z**2 - 3*z + 2. Let i(v) = 0 - 42*v + v**3 - v**2 + 40*v + 3. Let r be i(2). Give n(r).
-7
Suppose -3*h + 2 = -4*j, 3*j + 3 = -h + 8*j. Let i be -7 - ((-4)/(-2) - 4). Let s = h + i. Let g(c) = -c**2 - c. What is g(s)?
-6
Let h(z) = 6*z**2 - 4 - 12*z**2 + 5. Give h(1).
-5
Let m be 42/10 - 1/5. Let f = 7 - m. Let t(u) = 4*u**f + 6*u**3 - 2*u**3. What is t(-1)?
-8
Let s(k) be the first derivative of -2*k**3/3 - 2*k**2 + k - 12. Let i(a) = a**3 - 2*a**2 - 4*a. Let m be i(3). Calculate s(m).
-5
Suppose 20 = -6*h + h. Let t(v) = -35*v**2 + 39*v**2 + 40*v - 40*v + v**3 + 4. Determine t(h).
4
Let v(q) be the first derivative of 2*q**2 - 4*q + 2. Let k(r) = -r. Let i(j) = -3*k(j) - v(j). Let z be 26/(-7) - 4/14. What is i(z)?
8
Let g(z) = -z - 9. Suppose 1 + 4 = 5*w + 5*s, -w = 3*s - 11. Give g(w).
-5
Let p(l) be the second derivative of l**4/4 - l**2/2 + l. Let f = -8 - -7. Let c be p(f). Let o(d) = -d**3 + d**2. Calculate o(c).
-4
Let v = -37 - -38. Let o(h) = -h. Let t(j) = -1 - 3 + 5. Let a(i) = v*o(i) + 2*t(i). Give a(3).
-1
Let d(h) = h**2 + 6*h + 6. Let i(w) = w**2 - 6. Let g be i(0). Calculate d(g).
6
Let y(w) = 4*w - 2. Let t(q) = -q**2 + 6*q + 6. Let o be t(7). Let d = -4 - o. Let k = d + 5. Determine y(k).
6
Suppose -f + 16 = 5*t, 4*f - 2*t - 20 = -0*f. Let q(y) = -1. Let w(o) = -o - 4. Let i(j) = -6*q(j) + w(j). Determine i(f).
-4
Let u be 16/4 - (1 + -1). Suppose -u*z - 1 = 2*t + 19, 0 = -3*t - z - 15. Let h(c) = c**3 + 3*c**2 - 4*c + 3. What is h(t)?
3
Let s(b) be the first derivative of b**4/4 - 4*b**3/3 - 7*b**2/2 + 5*b + 25. Calculate s(5).
-5
Suppose 0 = -5*l + 5*c - 20, -4*l - 3*c + 4 = -2*c. Let h(r) be the second derivative of 0*r**2 + r + 0 + 1/6*r**3. What is h(l)?
0
Let v(h) = -3*h - 2. Let f(s) = s**2 + s - 1. Let g be f(-4). Suppose -3*p + g = -2*k - 8, -4*k - 13 = -p. Calculate v(k).
4
Let r be ((-10)/(-4) + 0)*-2. Let w(o) = 4*o - 2. Let a(k) = -1. Let m(t) = t + 1. Let f(h) = 2*a(h) + m(h). Let n(z) = -2*f(z) + w(z). Give n(r).
-10
Let v(j) be the first derivative of -j**3/3 - 4*j**2 - 2*j + 1. Let f be v(-7). Let d(p) be the third derivative of p**4/12 - 7*p**3/6 + 5*p**2. What is d(f)?
3
Let l(y) = -y + 1. Let q = -15 - -18. Give l(q).
-2
Let f be (-2)/(-6)*-10*(-15)/10. Let b(o) = -o**2 + 6*o + 3. Calculate b(f).
8
Suppose 2*g + 21 = -g. Let q(j) = j**2 + 7*j. Give q(g).
0
Let u(t) be the first derivative of -t**2/2 + 3*t + 2. Let d(r) = -r**2 - 14*r + 3. Let o be d(-14). Calculate u(o).
0
Let l(u) = -u + 4*u - 2*u + 7 - 5. Determine l(-4).
-2
Let m(c) = -c. Let p be m(-2). Let z(u) = -2*u**2 + 2*u + 2. Give z(p).
-2
Let n be (-4)/(-2 - -1) - 2. Let f(s) = -2*s**2 + s**2 + 2*s + s**3 + 2 - n*s**2. Let u(i) = i**3 + 28*i**2 - 2*i - 54. Let q be u(-28). Calculate f(q).
2
Suppose 0 = 2*z - 0 + 4. Let m(i) = -i**3 + 3*i + 3. Let v be m(z). Let y be (v + -4)/(2/8). Let n(o) = -o + 5. What is n(y)?
1
Suppose 5*b - 8 = -2*w + 19, 2*w + 18 = 4*b. Suppose -14 = b*s + 6. Let m(l) = -l**2 - 3*l - 3. Give m(s).
-7
Let o be (-3)/(2 + 1 + -2). Let f(s) be the second derivative of 0 - s + 1/6*s**3 + 3/2*s**2. Give f(o).
0
Let s(r) = 2*r + 3*r + 3*r + 10 - 7*r. Let l(a) = 6*a**3. Let k be l(-1). Give s(k).
4
Let p(t) = -3*t**2 + t - 2. Let u(x) = 3*x**2 - 2*x + 3. Let c(n) = 4*p(n) + 3*u(n). Suppose -2*o - 6 - 2 = 0. Let l = o - -2. Calculate c(l).
-7
Let y be (0 - -3) + (-1)/(-2)*-2. Let q(v) = -3*v**2 + 4*v - 2. Determine q(y).
-6
Let l(d) = -3*d**2 - 7*d + 3. Let p(g) = -10*g**2 - 22*g + 8. Let a(r) = 7*l(r) - 2*p(r). Determine a(-6).
-1
Let t(n) = 7*n**2 - 4*n + 3. Let l(v) = -v**2 + v - 1. Let r(o) = 6*l(o) + t(o). Calculate r(0).
-3
Suppose -8 + 12 = 2*t. Let p(a) = -a**2 + a - 2. Give p(t).
-4
Let m be 1 - -1 - 1 - 5. Let t(d) = -d - 4*d - 4 + 4 - d**2. Let r be t(m). Let h(k) = k**2 - 2*k - 5. Give h(r).
3
Let t(v) = -v**3 + 11*v**2 - 4*v + 3. Let d(u) = -2*u**3 + 24*u**2 - 7*u + 6. Let s(o) = 2*d(o) - 5*t(o). Let r be ((-1)/2)/((-1)/12). Calculate s(r).
-3
Let i(j) = j**3 + j - 1. Let l(u) be the third derivative of 2*u**2 + 0 + 0*u - 1/2*u**3 + 1/60*u**5 + 1/8*u**4. Let g be l(-4). What is i(g)?
1
Suppose -j + 5*j + 5 = c, -3*c - 3*j = 0. Let w(h) = 3*h - h - c - 1 + 1. Determine w(5).
9
Let z = 3 - 2. Let c(f) = -6*f**2 - 1. Let u = -10 - -6. Let y(b) = -b**2. Let g(m) = u*y(m) + c(m). Calculate g(z).
-3
Let t(b) be the third derivative of -b**5/60 - b**4/4 + 2*b**3/3 + 15*b**2. What is t(-7)?
-3
Let u be 2/2 + 1/(-1). Let i(c) = 1. Let n(r) = -r + 1. Let y(x) = -2*i(x) - n(x). Give y(u).
-3
Let x(r) = r**3 + r**2 + r + 1. Let u(k) = 13*k**3 + 2*k**2 + 2*k + 1. Let s(p) = u(p) - x(p). What is s(-1)?
-12
Let v(p) be the first derivative of -p**5/120 - p**4/3 + p**3 - 1. Let m(g) be the third derivative of v(g). Determine m(0).
-8
Let w = -35 - -29. Let x(f) = f**3 + 6*f**2 - f - 3. Determine x(w).
3
Let s = -9 + 19/2. Let b(l) be the second derivative of 1/3*l**3 + l - s*l**2 + 0. Determine b(1).
1
Suppose q = -s + 14, 0 = 2*q - 6*q + s + 36. Suppose 4*t + 5*m = -3, -5 - q = -t + 4*m. Let d(j) = 2*j - 1. Determine d(t).
5
Suppose -2*d = -4*d - 8, 2*d = k - 8. Suppose k*c - 2 = c. Let z(x) = 